{"id":20,"date":"2020-09-14T16:20:57","date_gmt":"2020-09-14T14:20:57","guid":{"rendered":"http:\/\/lesanimommes.com\/?page_id=20"},"modified":"2020-12-08T21:21:07","modified_gmt":"2020-12-08T20:21:07","slug":"bienvenue-dans-le-monde-des-animommes","status":"publish","type":"page","link":"https:\/\/lesanimommes.com\/","title":{"rendered":"Bienvenue dans le monde des Animommes\ufeff"},"content":{"rendered":"\n<div class=\"wp-block-image\"><figure class=\"aligncenter\"><img decoding=\"async\" loading=\"lazy\" width=\"500\" height=\"709\" src=\"http:\/\/lesanimommes.com\/wp-content\/uploads\/2020\/09\/Couverture.jpg\" alt=\"\" class=\"wp-image-5\" srcset=\"https:\/\/lesanimommes.com\/wp-content\/uploads\/2020\/09\/Couverture.jpg 500w, https:\/\/lesanimommes.com\/wp-content\/uploads\/2020\/09\/Couverture-212x300.jpg 212w\" sizes=\"(max-width: 500px) 100vw, 500px\" \/><\/figure><\/div>\n\n\n\n<div class=\"wp-block-image\"><figure class=\"aligncenter\"><a href=\"https:\/\/www.facebook.com\/LesAnimommes\" target=\"_blank\" rel=\"noreferrer noopener\"><img decoding=\"async\" loading=\"lazy\" width=\"150\" height=\"150\" src=\"http:\/\/lesanimommes.com\/wp-content\/uploads\/2020\/09\/facebook-1-150x150.jpg\" alt=\"\" class=\"wp-image-82\" srcset=\"https:\/\/lesanimommes.com\/wp-content\/uploads\/2020\/09\/facebook-1-150x150.jpg 150w, https:\/\/lesanimommes.com\/wp-content\/uploads\/2020\/09\/facebook-1-300x300.jpg 300w, https:\/\/lesanimommes.com\/wp-content\/uploads\/2020\/09\/facebook-1-768x768.jpg 768w, https:\/\/lesanimommes.com\/wp-content\/uploads\/2020\/09\/facebook-1-1024x1024.jpg 1024w, https:\/\/lesanimommes.com\/wp-content\/uploads\/2020\/09\/facebook-1-88x88.jpg 88w, https:\/\/lesanimommes.com\/wp-content\/uploads\/2020\/09\/facebook-1-900x900.jpg 900w, https:\/\/lesanimommes.com\/wp-content\/uploads\/2020\/09\/facebook-1-1280x1280.jpg 1280w, https:\/\/lesanimommes.com\/wp-content\/uploads\/2020\/09\/facebook-1.jpg 1920w\" sizes=\"(max-width: 150px) 100vw, 150px\" \/><\/a><figcaption>@LesAnimommes<\/figcaption><\/figure><\/div>\n\n\n\n<p> L&rsquo;HISTOIRE&#8230;<\/p>\n\n\n\n<p>Lina et Ethan, deux jeunes ados, vivent dans un orphelinat. Les combles de l\u2019\u00e9difice sont leur terrain de jeu secret, jusqu\u2019au jour o\u00f9 ils y d\u00e9couvrent de petits \u00eatres et un piano dot\u00e9s de pouvoirs magiques. Malgr\u00e9 les mises en garde lanc\u00e9es \u00e0 leur encontre, les adolescents partent \u00e0 la d\u00e9couverte d\u2019un autre monde, o\u00f9 vivent des cr\u00e9atures mi-animales, mi-hommes: les \u00ab\u00a0Anim-ommes\u00a0\u00bb. Avec eux, Lina et Ethan vont explorer Terre nouvelle et faire connaissance avec son incroyable histoire. Lorsqu\u2019ils apprennent que ce lieu paradisiaque est en danger, ils d\u00e9cident de tout faire pour aider leurs nouveaux amis, quitte \u00e0 prendre de gros risques vis-\u00e0-vis de l\u2019orphelinat\u2026 Mais c\u2019est sans compter sur Denis, un camarade aigri, qui les surveille discr\u00e8tement\u2026 <\/p>\n\n\n\n<p> Un second tome des Animommes est en cours d\u2019\u00e9criture. <\/p>\n\n\n\n<p><em><br><\/em><\/p>\n","protected":false},"excerpt":{"rendered":"<p>L&rsquo;HISTOIRE&#8230; Lina et Ethan, deux jeunes ados, vivent dans un orphelinat. Les combles de l\u2019\u00e9difice sont leur terrain de jeu secret, jusqu\u2019au jour o\u00f9 ils y d\u00e9couvrent de petits \u00eatres et un piano dot\u00e9s de pouvoirs magiques. Malgr\u00e9 les mises en garde lanc\u00e9es \u00e0 leur encontre, les adolescents partent \u00e0 la d\u00e9couverte d\u2019un autre monde, [&hellip;]<\/p>\n","protected":false},"author":1,"featured_media":0,"parent":0,"menu_order":0,"comment_status":"closed","ping_status":"closed","template":"full-width-page-template.php","meta":[],"_links":{"self":[{"href":"https:\/\/lesanimommes.com\/index.php\/wp-json\/wp\/v2\/pages\/20"}],"collection":[{"href":"https:\/\/lesanimommes.com\/index.php\/wp-json\/wp\/v2\/pages"}],"about":[{"href":"https:\/\/lesanimommes.com\/index.php\/wp-json\/wp\/v2\/types\/page"}],"author":[{"embeddable":true,"href":"https:\/\/lesanimommes.com\/index.php\/wp-json\/wp\/v2\/users\/1"}],"replies":[{"embeddable":true,"href":"https:\/\/lesanimommes.com\/index.php\/wp-json\/wp\/v2\/comments?post=20"}],"version-history":[{"count":20,"href":"https:\/\/lesanimommes.com\/index.php\/wp-json\/wp\/v2\/pages\/20\/revisions"}],"predecessor-version":[{"id":149,"href":"https:\/\/lesanimommes.com\/index.php\/wp-json\/wp\/v2\/pages\/20\/revisions\/149"}],"wp:attachment":[{"href":"https:\/\/lesanimommes.com\/index.php\/wp-json\/wp\/v2\/media?parent=20"}],"curies":[{"name":"wp","href":"https:\/\/api.w.org\/{rel}","templated":true}]}}