{"id":103,"date":"2020-12-08T17:15:19","date_gmt":"2020-12-08T16:15:19","guid":{"rendered":"https:\/\/lesanimommes.com\/?page_id=103"},"modified":"2021-02-07T10:20:40","modified_gmt":"2021-02-07T09:20:40","slug":"presse","status":"publish","type":"page","link":"https:\/\/lesanimommes.com\/index.php\/presse\/","title":{"rendered":"Presse &#038; m\u00e9dias"},"content":{"rendered":"\n<p><strong>On en parle dans la presse!<\/strong><\/p>\n\n\n\n<p><a rel=\"noreferrer noopener\" href=\"https:\/\/www.telesambre.be\/nouveaute-les-animommes-vous-invitent-la-decouverte-de-leur-terre-nouvelle\" target=\"_blank\">T\u00e9l\u00e9sambre<\/a><a href=\"https:\/\/www.telesambre.be\/nouveaute-les-animommes-vous-invitent-la-decouverte-de-leur-terre-nouvelle\"> <\/a>(t\u00e9l\u00e9 r\u00e9gionale Charleroi &#8211; BE) <\/p>\n\n\n\n<p><a rel=\"noreferrer noopener\" href=\"https:\/\/www.youtube.com\/watch?v=mcTVmBVlpw0&amp;fbclid=IwAR0U6AI5A9gb5pk4Lo6KhVjZi5xkxCsws8Rysfzc720jAYf26PLEkAddOOk\" target=\"_blank\">Ramdam Musique<\/a> (radio r\u00e9gionale Charleroi &#8211; BE)<\/p>\n\n\n\n<p><strong>Journalistes<\/strong><\/p>\n\n\n\n<p><a rel=\"noreferrer noopener\" href=\"https:\/\/lesanimommes.com\/wp-content\/uploads\/2020\/12\/Les-Animommes-\u2013-Terre-nouvelle-et-lile-maudite-Dossier-de-presse-P1-3.pdf\" target=\"_blank\">Dossier de presse<\/a><\/p>\n\n\n\n<p>Contact (Marie-No\u00eblle ROCHETTE) : <\/p>\n\n\n\n<p>Belgique: +32 486 59 88 14<\/p>\n\n\n\n<p>France: +33 6 60 16 71 41<\/p>\n\n\n\n<p><strong>Retrouvez aussi Les Animommes sur <a rel=\"noreferrer noopener\" href=\"https:\/\/www.babelio.com\/livres\/Rochette-Les-Animommes-Terre-nouvelle-et-lile-maudite\/1264993#critiques\" target=\"_blank\">Babelio<\/a> !<\/strong><\/p>\n","protected":false},"excerpt":{"rendered":"<p>On en parle dans la presse! T\u00e9l\u00e9sambre (t\u00e9l\u00e9 r\u00e9gionale Charleroi &#8211; BE) Ramdam Musique (radio r\u00e9gionale Charleroi &#8211; BE) Journalistes Dossier de presse Contact (Marie-No\u00eblle ROCHETTE) : Belgique: +32 486 59 88 14 France: +33 6 60 16 71 41 Retrouvez aussi Les Animommes sur Babelio !<\/p>\n","protected":false},"author":1,"featured_media":0,"parent":0,"menu_order":0,"comment_status":"closed","ping_status":"closed","template":"","meta":[],"_links":{"self":[{"href":"https:\/\/lesanimommes.com\/index.php\/wp-json\/wp\/v2\/pages\/103"}],"collection":[{"href":"https:\/\/lesanimommes.com\/index.php\/wp-json\/wp\/v2\/pages"}],"about":[{"href":"https:\/\/lesanimommes.com\/index.php\/wp-json\/wp\/v2\/types\/page"}],"author":[{"embeddable":true,"href":"https:\/\/lesanimommes.com\/index.php\/wp-json\/wp\/v2\/users\/1"}],"replies":[{"embeddable":true,"href":"https:\/\/lesanimommes.com\/index.php\/wp-json\/wp\/v2\/comments?post=103"}],"version-history":[{"count":17,"href":"https:\/\/lesanimommes.com\/index.php\/wp-json\/wp\/v2\/pages\/103\/revisions"}],"predecessor-version":[{"id":155,"href":"https:\/\/lesanimommes.com\/index.php\/wp-json\/wp\/v2\/pages\/103\/revisions\/155"}],"wp:attachment":[{"href":"https:\/\/lesanimommes.com\/index.php\/wp-json\/wp\/v2\/media?parent=103"}],"curies":[{"name":"wp","href":"https:\/\/api.w.org\/{rel}","templated":true}]}}